p) = -121*p**2 + 53*p + 162. What is v(-5)?
-3128
Let t(v) = -3*v**2 - 1641*v - 24581. Give t(-15).
-641
Let t(l) = 171*l + 1881. What is t(-4)?
1197
Let f(j) = -107*j - 8158. Calculate f(-66).
-1096
Let w(i) = 24115*i + 24101. Calculate w(-1).
-14
Let o(y) = -3*y**2 + 7425*y + 44501. Calculate o(-6).
-157
Let o(b) = 4*b**3 - 6*b**2 - 13*b + 205. Give o(8).
1765
Let z(r) = 5*r**2 - 235*r - 1000. Give z(47).
-1000
Let f(q) = -87*q - 6270. Determine f(-46).
-2268
Let u(p) = 23458*p - 469156. What is u(20)?
4
Let t(w) = 5*w**2 + 50*w - 312. Calculate t(11).
843
Let h(k) = -9*k**2 + 6942*k - 2277. Give h(771).
36
Let c(g) = 13124*g + 41575. What is c(-3)?
2203
Let s(g) = 4*g**3 + 4*g**2 + 128*g - 597. What is s(5)?
643
Let o(l) = l**3 + 31*l**2 + 71*l + 394. Calculate o(-30).
-836
Let b(f) = -f**2 + 466*f - 32700. Determine b(86).
-20
Let g(m) = 5439*m + 27168. Give g(-5).
-27
Let i(r) = -35070*r - 140291. Calculate i(-4).
-11
Let g(c) = c**3 - 571*c**2 + 1127*c + 6257. Calculate g(569).
-2
Let j(m) = -m**3 + 274*m**2 - 6699*m - 99479. Give j(245).
-9
Let d(p) = -58286*p + 349733. Calculate d(6).
17
Let q(t) = -724*t + 12412. Give q(15).
1552
Let n(j) = -94*j**2 + 2432*j + 1005. Give n(26).
693
Let q(m) = 21204*m + 466481. What is q(-22)?
-7
Let q(b) = 29*b**3 - 334*b**2 - 2267*b - 21. Give q(-6).
-4707
Let b(t) = 2871*t + 872712. Calculate b(-304).
-72
Let v(o) = -3*o**2 + 21510*o + 107562. Give v(-5).
-63
Let q(t) = t**3 - 27*t**2 - 10*t + 496. What is q(9)?
-1052
Let l(q) = -1332*q**2 + 38551*q + 2232. Determine l(29).
-1
Let n(o) = -342*o + 6711. What is n(20)?
-129
Let y(p) = p**2 + 22*p - 5268. Determine y(-113).
5015
Let v(w) = 131382*w + 1576594. Calculate v(-12).
10
Let x(a) = 1415*a**2 - 4271*a + 22. What is x(3)?
-56
Let a(p) = 239*p + 5092. Determine a(-25).
-883
Let m(k) = 1019*k + 21871. Determine m(-22).
-547
Let q(j) = -2*j**3 + 898*j**2 - 524*j - 166658. Give q(448).
-2
Let c(y) = -y**3 - 5*y**2 - 39*y + 3. Determine c(-8).
507
Let l(z) = 3*z**3 - 2*z**2 + 29*z + 99. Determine l(-3).
-87
Let f(x) = 2679*x + 93973. Give f(-35).
208
Let g(n) = 170*n - 6752. Calculate g(32).
-1312
Let p(n) = 198*n**2 - 105684*n - 25633. Determine p(534).
-1
Let u(v) = -v**3 + 304*v**2 + 626*v - 4297. What is u(306)?
-13
Let t(k) = -82*k**3 - 5*k**2 + 5*k. Determine t(1).
-82
Let q(z) = 12*z**2 + 328*z + 170. Calculate q(-13).
-2066
Let o(x) = x**2 - 4079*x - 954823. Calculate o(-222).
-1
Let a(j) = -j**3 - 5*j**2 + 105*j - 207. Determine a(-14).
87
Let c(a) = 68*a**2 - 539*a - 1367. Determine c(10).
43
Let z(f) = -166*f + 8757. What is z(45)?
1287
Let g(m) = -15137*m - 3678297. Determine g(-243).
-6
Let y(l) = l**2 + 31*l + 574. Give y(-16).
334
Let i(b) = -2*b**3 - 652*b**2 + 17548*b + 31. What is i(25)?
-19
Let q(t) = 318*t + 26182. Determine q(-82).
106
Let r(s) = 539*s**2 - 508*s + 4. Determine r(1).
35
Let s(o) = -16*o - 1398. What is s(-67)?
-326
Let l(j) = 5*j**3 + 167*j**2 + 444*j + 25255. Calculate l(-35).
-85
Let b(m) = -10*m**3 - 40*m**2 + 13*m + 320. What is b(3)?
-271
Let x(q) = -8*q**3 + 128*q**2 + 148*q - 3947. What is x(15)?
73
Let o(z) = -34*z**2 - 620*z - 201. Calculate o(-17).
513
Let m(s) = -1205*s - 110. Calculate m(1).
-1315
Let v(l) = -21*l**3 + 148*l**2 - 179*l + 281. Calculate v(6).
-1
Let a(s) = 6376*s - 76494. What is a(12)?
18
Let q(k) = -1878*k - 1333402. Calculate q(-710).
-22
Let m(p) = -p**2 + 29063*p + 377960. Calculate m(-13).
-28
Let t(s) = -21*s**3 - 486*s**2 - 68*s + 82. Determine t(-23).
59
Let y(p) = 409574*p - 2047926. Determine y(5).
-56
Let f(z) = -1705*z + 412613. Determine f(242).
3
Let l(o) = -1787*o + 1187. Give l(-1).
2974
Let w(l) = 135367*l + 406123. Determine w(-3).
22
Let m(c) = 251275*c + 1256385. Calculate m(-5).
10
Let a(l) = 117*l - 431. What is a(-7)?
-1250
Let q(k) = -118*k**3 + 20661*k**2 - 1930*k + 866. What is q(175)?
-9
Let i(s) = -4*s**3 + 60*s**2 - 116*s - 42. Determine i(13).
-198
Let r(n) = -8*n**2 - 3265*n - 88309. What is r(-379)?
-2
Let c(h) = -20*h**2 + 569*h + 5430. Determine c(36).
-6
Let r(f) = f**3 - 15*f**2 - 3277*f + 52322. Calculate r(16).
146
Let j(y) = -2*y**2 - 657*y - 21316. Determine j(-292).
0
Let g(t) = 189*t + 39. Give g(-3).
-528
Let h(n) = -7*n**2 + 635*n - 4156. Determine h(83).
326
Let v(r) = -17*r**3 + 87*r**2 + 428*r - 2179. Calculate v(5).
11
Let s(d) = 232909*d - 2329099. What is s(10)?
-9
Let h(w) = -103*w + 52. What is h(-1)?
155
Let j(h) = -h**2 + 269*h + 5469. Give j(-19).
-3
Let i(b) = b**3 + 66*b**2 + 858*b + 1223. Give i(-49).
-2
Let u(w) = 4*w**3 - 260*w**2 + 18*w - 1119. Give u(65).
51
Let w(f) = 16264*f + 195495. Calculate w(-12).
327
Let h(z) = -128*z**2 - 171*z + 345. Determine h(2).
-509
Let c(b) = -2*b**3 - 28*b**2 - 118*b - 1468. Determine c(-13).
-272
Let t(p) = -p**3 - 229*p**2 - 5566*p - 22639. What is t(-202)?
-15
Let n(c) = -398*c + 52902. Determine n(133).
-32
Let l(u) = -412*u**2 - 3313*u - 126. Give l(-8).
10
Let r(o) = o**3 - 108*o**2 + 52*o - 5632. Give r(108).
-16
Let c(a) = a**3 + 1173*a**2 - 4030*a - 1974010. Give c(-1175).
-10
Let r(p) = -5*p**2 + 2322*p + 9286. Give r(-4).
-82
Let c(j) = 5*j**3 + 270*j**2 - 6*j + 133. Give c(-54).
457
Let w(g) = -69*g + 1218. Determine w(40).
-1542
Let v(n) = -2262*n - 1017808. Determine v(-450).
92
Let b(l) = l**3 + 30*l**2 + 81*l + 1531. What is b(-29)?
23
Let y(q) = -6*q**3 - 128*q**2 - 296*q - 547. Give y(-19).
23
Let u(z) = -28*z**2 + 97*z - 166. Calculate u(3).
-127
Let f(d) = 3675*d - 73535. What is f(20)?
-35
Let y(g) = -69*g**2 + 4615*g + 198. Determine y(67).
-338
Let l(t) = 21124*t + 147880. What is l(-7)?
12
Let r(x) = 4*x**2 - 9788*x + 87774. Determine r(9).
6
Let l(i) = 7136*i - 435304. Give l(61).
-8
Let q(b) = 1122*b - 73210. Give q(65).
-280
Let v(a) = 141*a - 5702. Determine v(51).
1489
Let b(m) = -m**3 - 284*m**2 - 1672*m - 1194. Give b(-278).
-82
Let d(a) = -2*a**3 - 242*a**2 + 1544*a + 2529. Give d(-127).
-11
Let x(u) = -10*u**2 - 599*u + 3954. Determine x(6).
0
Let c(n) = -118*n - 1909. What is c(-25)?
1041
Let w(z) = 7*z**2 - 1750*z + 6132. Calculate w(247).
945
Let b(c) = 397*c + 9825. Determine b(-25).
-100
Let f(m) = -9*m**3 - 170*m**2 + 530*m + 2. Calculate f(3).
-181
Let z(h) = 165*h + 5228. Determine z(-19).
2093
Let j(k) = -k**3 + 755*k - 2224. Give j(3).
14
Let n(x) = -151986*x + 5167522. Give n(34).
-2
Let x(r) = 39705*r - 317468. Give x(8).
172
Let m(p) = -3*p**2 - 32268*p - 354587. Determine m(-11).
-2
Let f(i) = -6*i**3 + 697*i**2 - 99*i - 1972. Calculate f(116).
0
Let g(k) = 589*k - 838. Give g(2).
340
Let q(g) = g**3 + 167*g**2 - 2153*g + 73. What is q(12)?
13
Let l(y) = 29*y**3 + 3*y**2 + 11*y - 4. Determine l(-2).
-246
Let p(f) = 189*f**2 + 4685*f - 43. Determine p(-25).
957
Let w(h) = -6*h - 88. Give w(-1).
-82
Let w(f) = -30363*f - 212046. Give w(-7).
495
Let n(q) = 3*q**3 - 8*q**2 - 184*q + 29. What is n(10)?
389
Let s(f) = 2231*f - 653687. Give s(293).
-4
Let d(z) = 366*z**3 - 31*z**2 - 17*z + 35. Calculate d(2).
2805
Let n(i) = i**3 - 126*i**2 - 83*i + 25988. Calculate n(125).
-12
Let a(b) = -15*b**2 - 2242*b + 2252. Calculate a(1).
-5
Let f(a) = -60191*a + 361146. Give f(6).
0
Let t(j) = 4*j**2 + 1679*j - 48645. What is t(-447)?
78
Let t(m) = 41*m - 668. What is t(3)?
-545
Let k(z) = 10732*z + 42912. What is k(-4)?
-16
Let y(h) = -1558*h + 775893. Calculate y(498).
9
Let w(c) = -8*c**2 - 2260*c - 56090. Determine w(-255).
10
Let v(p) = -316*p - 21553. Calculate v(-68).
-65
Let i(c) = 57682*c**2 + 57676*c - 6. Calculate i(-1).
0
Let g(y) = 73*y + 6207. Determine g(-28).
4163
Let b(q) = 4*q**2 - 304*q - 3680. Give b(-11).
148
Let b(m) = 685807*m - 685795. What is b(1)?
12
Let p(x) = 2729*x**2 - 13608*x - 181. Calculate p(5).
4
Let b(z) = -3*z**2 + 7609*z - 136004. Determine b(18).
-14
Let m(u) = 4*u**3 - 1550*u**2 - 776*u - 152. Calculate m(388).
-152
Let v(t) = -11*t**2 + 1415*t + 4233. Calculate v(-3).
-111
Let p(n) = 62649*n + 1002390. What is p(-16)?
6
Let k(d) = 23*d + 3232. Give k(-118).
518
Let u(y) = 12*y**2 - 6498*y + 66918. Calculate u(531).
12
Let h(a) = 5909*a + 29543. What is h(-5)?
-2
Let b(s) = 5*s**3 + 26*s**2 - 49*s - 162. Determine b(-6).
-12
Let d(h) = 12*h**2 + 3009*h + 17619. Give d(-6).
-3
Let f(x) = 39470*x - 276503. What is f(